s divided by 39.
38
What is the remainder when 600 is divided by 145?
20
What is the remainder when 165 is divided by 19?
13
Calculate the remainder when 181 is divided by 26.
25
Calculate the remainder when 376 is divided by 27.
25
What is the remainder when 672 is divided by 84?
0
Calculate the remainder when 336 is divided by 57.
51
What is the remainder when 79 is divided by 29?
21
Calculate the remainder when 85 is divided by 52.
33
Calculate the remainder when 541 is divided by 25.
16
Calculate the remainder when 910 is divided by 57.
55
What is the remainder when 494 is divided by 73?
56
What is the remainder when 3224 is divided by 129?
128
What is the remainder when 12 is divided by 9?
3
Calculate the remainder when 3175 is divided by 74.
67
Calculate the remainder when 152 is divided by 12.
8
What is the remainder when 152 is divided by 4?
0
Calculate the remainder when 1947 is divided by 945.
57
Calculate the remainder when 440 is divided by 49.
48
What is the remainder when 1921 is divided by 40?
1
What is the remainder when 279 is divided by 48?
39
Calculate the remainder when 438 is divided by 129.
51
What is the remainder when 438 is divided by 37?
31
What is the remainder when 368 is divided by 27?
17
Calculate the remainder when 1651 is divided by 287.
216
What is the remainder when 12247 is divided by 98?
95
Calculate the remainder when 22958 is divided by 4.
2
What is the remainder when 1306 is divided by 74?
48
What is the remainder when 139 is divided by 19?
6
Calculate the remainder when 1081 is divided by 181.
176
Calculate the remainder when 6720 is divided by 122.
10
Calculate the remainder when 258 is divided by 55.
38
What is the remainder when 131 is divided by 116?
15
Calculate the remainder when 795 is divided by 57.
54
Calculate the remainder when 86 is divided by 19.
10
What is the remainder when 2241 is divided by 25?
16
Calculate the remainder when 276 is divided by 249.
27
Calculate the remainder when 957 is divided by 242.
231
What is the remainder when 109 is divided by 69?
40
Calculate the remainder when 977 is divided by 28.
25
What is the remainder when 232 is divided by 13?
11
Calculate the remainder when 999 is divided by 21.
12
Calculate the remainder when 230 is divided by 111.
8
Calculate the remainder when 92 is divided by 50.
42
Calculate the remainder when 720 is divided by 7.
6
What is the remainder when 416 is divided by 156?
104
Calculate the remainder when 3572 is divided by 25.
22
Calculate the remainder when 24 is divided by 23.
1
Calculate the remainder when 2785 is divided by 133.
125
Calculate the remainder when 21410 is divided by 117.
116
What is the remainder when 446 is divided by 116?
98
Calculate the remainder when 861 is divided by 16.
13
What is the remainder when 942 is divided by 27?
24
What is the remainder when 117 is divided by 9?
0
Calculate the remainder when 312 is divided by 86.
54
What is the remainder when 610 is divided by 88?
82
Calculate the remainder when 802 is divided by 112.
18
Calculate the remainder when 38 is divided by 25.
13
What is the remainder when 10144 is divided by 178?
176
Calculate the remainder when 489 is divided by 55.
49
What is the remainder when 1177 is divided by 31?
30
What is the remainder when 3249 is divided by 125?
124
Calculate the remainder when 81 is divided by 49.
32
What is the remainder when 24 is divided by 4?
0
Calculate the remainder when 556 is divided by 35.
31
Calculate the remainder when 2830 is divided by 2824.
6
What is the remainder when 236 is divided by 63?
47
Calculate the remainder when 3948 is divided by 152.
148
Calculate the remainder when 1189 is divided by 8.
5
What is the remainder when 590 is divided by 157?
119
Calculate the remainder when 821 is divided by 43.
4
Calculate the remainder when 108 is divided by 19.
13
What is the remainder when 765 is divided by 88?
61
Calculate the remainder when 898 is divided by 68.
14
Calculate the remainder when 1167 is divided by 107.
97
What is the remainder when 1169 is divided by 53?
3
What is the remainder when 83 is divided by 18?
11
Calculate the remainder when 18 is divided by 7.
4
Calculate the remainder when 5 is divided by 4.
1
Calculate the remainder when 216 is divided by 4.
0
What is the remainder when 187 is divided by 10?
7
Calculate the remainder when 671 is divided by 126.
41
What is the remainder when 7197 is divided by 50?
47
Calculate the remainder when 186 is divided by 38.
34
What is the remainder when 1682 is divided by 11?
10
Calculate the remainder when 2229 is divided by 9.
6
Calculate the remainder when 1495 is divided by 57.
13
Calculate the remainder when 468 is divided by 272.
196
What is the remainder when 2371 is divided by 1177?
17
What is the remainder when 226 is divided by 57?
55
What is the remainder when 60 is divided by 37?
23
What is the remainder when 167 is divided by 24?
23
What is the remainder when 386 is divided by 30?
26
Calculate the remainder when 294 is divided by 75.
69
What is the remainder when 2224 is divided by 322?
292
What is the remainder when 6030 is divided by 17?
12
What is the remainder when 249 is divided by 64?
57
What is the remainder when 51 is divided by 40?
11
Calculate the remainder when 1516 is divided by 23.
21
What is the remainder when 22285 is divided by 14?
11
What is the remainder when 259 is divided by 65?
64
What is the remainder when 118 is divided by 17?
16
Calculate the remainder when 240 is divided by 35.
30
What is the remainder when 81 is divided by 4?
1
Calculate the remainder when 156 is divided by 20.
16
Calculate the remainder when 649 is divided by 13.
12
Calculate the remainder when 5131 is divided by 147.
133
Calculate the remainder when 2146 is divided by 50.
46
Calculate the remainder when 411 is divided by 32.
27
Calculate the remainder when 4852 is divided by 143.
133
Calculate the remainder when 2212 is divided by 28.
0
What is the remainder when 35 is divided by 33?
2
Calculate the remainder when 700 is divided by 117.
115
What is the remainder when 244 is divided by 69?
37
Calculate the remainder when 269 is divided by 147.
122
Calculate the remainder when 16440 is divided by 21.
18
What is the remainder when 413 is divided by 90?
53
Calculate the remainder when 30 is divided by 27.
3
Calculate the remainder when 8784 is divided by 191.
189
What is the remainder when 3129 is divided by 391?
1
Calculate the remainder when 163 is divided by 20.
3
Calculate the remainder when 658 is divided by 145.
78
What is the remainder when 45 is divided by 7?
3
Calculate the remainder when 52 is divided by 14.
10
What is the remainder when 297 is divided by 106?
85
What is the remainder when 2064 is divided by 76?
12
What is the remainder when 260 is divided by 53?
48
Calculate the remainder when 242 is divided by 122.
120
What is the remainder when 97 is divided by 17?
12
Calculate the remainder when 383 is divided by 15.
8
Calculate the remainder when 477 is divided by 414.
63
What is the remainder when 807 is divided by 63?
51
Calculate the remainder when 117 is divided by 11.
7
Calculate the remainder when 82 is divided by 47.
35
What is the remainder when 7132 is divided by 3?
1
What is the remainder when 182 is divided by 92?
90
What is the remainder when 61 is divided by 19?
4
Calculate the remainder when 5206 is divided by 36.
22
What is the remainder when 876 is divided by 40?
36
What is the remainder when 482 is divided by 132?
86
Calculate the remainder when 235 is divided by 63.
46
What is the remainder when 11 is divided by 2?
1
Calculate the remainder when 341 is divided by 19.
18
What is the remainder when 57 is divided by 41?
16
Calculate the remainder when 71 is divided by 8.
7
What is the remainder when 1833 is divided by 606?
15
What is the remainder when 314 is divided by 147?
20
What is the remainder when 232 is divided by 217?
15
Calculate the remainder when 1240 is divided by 11.
8
Calculate the remainder when 297 is divided by 58.
7
What is the remainder when 103 is divided by 20?
3
Calculate the remainder when 617 is divided by 111.
62
What is the remainder when 708 is divided by 71?
69
Calculate the remainder when 429 is divided by 16.
13
Calculate the remainde